9)*(0 + -1). Suppose 0 = 3*v - v - 8, 44 = -q*y + v. Let x be 1 - 4/y*-6. Calculate r(x).
-12
Suppose 2*i + 2 = 8. Let m(u) be the third derivative of u**4/24 - 2*u**3/3 + 5*u**2. Determine m(i).
-1
Let m(i) = -i**3 + 8*i**2 - 6*i - 2. Let g be m(7). Let c = 2 + g. Let n = c + 0. Let j(l) = -2*l + 7. Calculate j(n).
-7
Let q(l) = -5*l + 3 + 4*l - 5 - l. Calculate q(2).
-6
Let o(p) = 3*p. Let a(u) = -u + 1. Let l(b) = a(b) + o(b). Suppose 2*v + v = 18. Give l(v).
13
Suppose 42 = 4*s + 6. Let p be 10/2*(-3)/s*-3. Let g(d) = 2*d**3 - 2 + 0*d - 5*d**2 - d - d**3. Determine g(p).
-7
Let a(m) = -2*m**2 - 1. Suppose -5*h = -0 - 10. Let c = h + -3. Let r be c*3 - 32/(-16). Calculate a(r).
-3
Let o(c) be the first derivative of -2*c**2 - 12*c + 111. Determine o(-5).
8
Let m(t) = 19*t**2 - 11*t - 4. Let c(s) = 12*s**2 - 7*s - 2. Let l(j) = -8*c(j) + 5*m(j). Suppose -13 - 4 = -5*g - 2*y, -5*y = g + 15. Determine l(g).
-24
Let u(t) be the first derivative of t**3/3 - 2*t**2 + 2*t + 1262. Let l = 0 - -2. Let n = 7 - l. Give u(n).
7
Suppose 0 = 10*n - 9*n + 2. Suppose -3*g - 4*t = -23, -4*g - 7*t = -3*t - 28. Let b(y) = g*y - 5*y - y + 2. Determine b(n).
4
Let u(p) be the third derivative of p**6/120 - p**5/20 + 5*p**4/24 - p**3/2 - 4*p**2 + 6*p. What is u(3)?
12
Suppose -2*j - 15 = s, -14 = 3*s - 2*j - 9. Let z(m) = -4*m - 26. Give z(s).
-6
Let a(q) = -2*q - 2. Suppose -29*g = -26*g - 18. Let c be 46/8 - (g/(-24))/1. Calculate a(c).
-14
Let g(w) = 41 - 21 - 23 - 2*w. Give g(4).
-11
Suppose -5*v = -10*v. Let g(k) be the third derivative of 0*k + 0*k**3 - k**2 - 1/30*k**5 - 1/120*k**6 - 1/24*k**4 + v. Determine g(-1).
0
Let l(s) be the second derivative of -s**3/3 - 17*s**2/2 - 4*s + 48. What is l(-10)?
3
Let a(l) = 4*l - 12. Let b be a(4). Let j(q) = -q**2 - 1. Determine j(b).
-17
Let v(h) = -3*h. Let t = 13 + -45. Let f be 28/126 + t/(-18). Let i be f/(-3) - (-20)/(-6). What is v(i)?
12
Let t be 3*5*1/3. Suppose 51 - 16 = t*w. Let i be (6/w)/(2/(-14)). Let g(v) = -v**2 - 5*v + 6. Give g(i).
0
Let o(k) = k - 4*k - 264*k**2 + 0*k + 531*k**2 - 2 - 269*k**2. Let u(r) = -r**2 - 5*r + 3. Let b be u(-5). What is o(b)?
-29
Suppose 50 = 5*n + 4*w, 3*w + 50 = -n + 6*n. Suppose -3*a = 2*a - n. Let d(y) = -a*y**3 + y + 8*y**2 + 2*y**2 - 12*y**2. Calculate d(1).
-3
Let f(u) = u - 1. Let k(w) = -2*w + 4. Let g(v) = 3*f(v) + k(v). Let h be (30/20)/(3/10). Give g(h).
6
Let g(v) = v**2 - 5*v - 4. Let x(r) = -2*r + 13. Let c = -55 - -58. Let p be x(c). Determine g(p).
10
Let w(s) = 40*s**3 + s**2. Suppose -200 + 208 = -8*x. Determine w(x).
-39
Let o(z) be the third derivative of -1/6*z**3 + 1/12*z**4 - 1/60*z**5 + 0*z + 0 - 6*z**2 - 1/15*z**6. Determine o(1).
-8
Let c(l) = 2*l - 7. Let n = -724 - -734. Determine c(n).
13
Let m(z) = z**2 - 6*z + 6. Let b(o) = -o. Let w(h) = 4*b(h) + m(h). Determine w(8).
-10
Let s(a) = a**3 - 6*a**2 + 8*a - 7. Let y be -3*-3*(-1 + -2 + 8). Let g = 50 - y. What is s(g)?
8
Let y(q) = -23 + 25*q**2 - 26*q**2 + 28 - 3*q. Let j be (6/18 - 0)/((-1)/15). Determine y(j).
-5
Let c be (-6)/(-1 + 5 - 2). Suppose -j - 4*b + 2 = 0, 3*j + 3*b + 0 - 6 = 0. Let h(g) = 2*g - 3*g - 2 - 2*g + j*g. What is h(c)?
1
Let t(z) = z + 15. Let g = -50 + 36. Let r be t(g). Let w(n) = -5*n + 6*n - 6*n - 1 - 7*n. Determine w(r).
-13
Suppose -2*g + 3 = 5. Let f be g*(-6 - (1 - 2)). Suppose 2*q = 3*q + 5, 5*s + f*q = -40. Let t(l) = l**2 + l - 4. Calculate t(s).
2
Let y be ((-4)/(-2))/(6/24). Let c be (-1 - (-12)/y)*2. Let w(n) = -c - 3*n**2 + 4*n**2 + 3*n - 2*n. What is w(-4)?
11
Suppose 2*h + 16 = -0*h - 4*p, 0 = -3*h - 5*p - 20. Let s be 4/(3 + 1) + h. Let z(d) = 3*d**2. Give z(s).
3
Suppose -19*t = -54*t - 455. Let q(f) = f**2 + 11*f - 23. Calculate q(t).
3
Let p be (-34 - (3 + -7)) + 1. Let x = -26 - p. Let c(d) = -5*d**2 - 4*d - 2. Let q(i) = -11*i**2 - 9*i - 5. Let a(k) = 9*c(k) - 4*q(k). What is a(x)?
-7
Let i(d) = 6*d + 2. Let t(x) = 2*x**3 - 6*x**2 - 5*x - 5. Let h be t(4). Calculate i(h).
44
Suppose 0*j = -3*h + j + 1, -5*h + 2*j + 2 = 0. Suppose h = 2*l + l - 2*z - 17, -16 = -4*l - 4*z. Let v(r) = -l + 0*r**2 - r**2 + 8 + 5*r. What is v(6)?
-3
Suppose -3*u + 3 = -5*y, -2*y + 2 = -2*u - 0. Let v(f) = f**2 + 3*f - 9. Let p be v(u). Let a(z) = -z**2 - 4*z + 7. Determine a(p).
2
Let p(d) = 20 - 12 + d - d**2 - 9. Let q(b) = 4*b**2 - 1. Let y(m) = -6*p(m) - 2*q(m). Calculate y(-6).
-28
Let w(t) = -t**2 + 9*t + 14. Let d be w(10). Let h(s) = 1 + 4 - d - 4 + 3*s. Calculate h(2).
3
Let y(x) = x**3 + x**2 - 5. Let i be y(0). Let r(l) = -7*l**2 + 15*l - 11. Let o(g) = 4*g**2 - 8*g + 6. Let u(z) = i*o(z) - 3*r(z). Give u(6).
9
Let y(g) be the first derivative of -1/2*g**2 + 1/10*g**5 - 1/6*g**3 + 2 - 1/6*g**4 + 3*g. Let p(b) be the first derivative of y(b). Determine p(2).
5
Let b(i) = 6*i**2 + 3*i + 2. Let d be 2/(-6) + (-42)/9. Let y(s) = -12*s**2 - 5*s - 3. Let h(f) = d*b(f) - 3*y(f). Let k be ((-15)/10 + 1)*-2. Determine h(k).
5
Let h(t) = -t**2 - 7*t - 12. Let f be (-12 - -15) + -9 + -2. Calculate h(f).
-20
Let y(n) = -2*n + 1. Let f(a) = -a - 2. Let m be f(8). Let j = 12 + m. Suppose -26 = 5*v + z, -2*z - 11 = j*v - z. Give y(v).
11
Let b(p) be the third derivative of p**6/360 + p**5/40 + 5*p**4/12 - 21*p**2. Let j(v) be the second derivative of b(v). Give j(-6).
-9
Let o(l) = 1. Let i(j) = -3*j + 11. Let x(b) = -i(b) + 2*o(b). Calculate x(-10).
-39
Let z(h) = -h + 3. Let l be z(6). Let n = -29 - -32. Let v(r) = -n + 6 + 2 - 7 - r. Calculate v(l).
1
Let z(g) = 10*g**2 - 33*g + 23. Let a(m) = 55 - m - 10*m - 47 + 3*m**2. Let b(u) = 7*a(u) - 2*z(u). What is b(9)?
-8
Suppose 0 = -25*u + 90*u + 455. Let n(y) = -y - 9. Determine n(u).
-2
Let w(u) = -u**2 + 3*u - 1. Let b = 2 - -16. Suppose y - r - 3*r = b, -5*r = y + 18. Suppose x = y*x - 4. Determine w(x).
-5
Let o(l) = -l**2 + 8*l - 7. Let u(d) = -d**3 + 21*d**2 + 21*d + 29. Let p(n) = n + 14. Let q be p(8). Let m be u(q). Give o(m).
0
Let y(h) = h. Let d(l) = -7*l - 3. Let w(z) = -z**3 + 3*z**2 + 2*z + 2. Let q be w(4). Let s(k) = q*y(k) - d(k). Determine s(3).
6
Let v(n) = -3*n - 25. Let h(r) = -3*r - 24. Let i(y) = -3*h(y) + 2*v(y). Give i(-9).
-5
Let c(d) = 2*d - 11. Let i = 12 - 3. Let s be c(i). Let u(w) = w - 2. Give u(s).
5
Suppose -16 - 10 = -13*w. Let t(o) = o**3 - 3. What is t(w)?
5
Suppose -5*s + 3*u + 0*u + 10 = 0, 2*u + 8 = 2*s. Let t(i) = -i - 1. What is t(s)?
0
Let h be 2/(1 - (2 + 1)). Let p(c) = -3*c. Let u be p(h). Suppose 31 = -5*x - u*y, x - 6*y = -y + 5. Let q(n) = n + 6. Calculate q(x).
1
Let z = -4 + 2. Let h be 0/(z - (-2 - -2)). Suppose h = g - 2*g + 2. Let j(w) = -w**2. Calculate j(g).
-4
Let r(i) = -i**2 + 5*i - 4. Let m be 1/((-14)/5 - -3). Let b = m + 0. Suppose -f = 4*p - 13, -5*f + 0*f + 5 = b*p. What is r(p)?
0
Let i(b) = 5*b - 6. Let d(s) = -17*s + 18. Let z(f) = 4*d(f) + 14*i(f). What is z(7)?
2
Let r(w) = -w + 1. Let g(x) = -x**2 + 8. Suppose -c = 4*c - 20. Let t(y) = c*r(y) - g(y). Give t(4).
-4
Let g(j) be the first derivative of -5*j**2/2 + 8*j - 108. Calculate g(6).
-22
Let j(w) = 5*w + 4. Suppose 0 = 3*f + 262 - 277. Suppose 3*p = -4*a + 103, 9 = -2*a + p + 68. Suppose m + f*g = -a, -4*m + 2*g - 3 = -1. Calculate j(m).
-11
Let v(y) = y**2 + 6*y - 4. Let c(g) = g**2 + 55*g + 150. Let m be c(-52). Give v(m).
-4
Let m = -92 + 92. Let o(z) be the third derivative of z**2 + 0*z + 0*z**3 + m + 5/24*z**4. Calculate o(2).
10
Let t(y) be the third derivative of -1/2*y**3 - 1/6*y**4 + 0*y + 0 - 2*y**2. Let o be t(-2). Let i(v) = -v**2 + 5*v + 7. What is i(o)?
7
Let u(i) = -i**3 - 7*i**2 - 4*i - 38. Let t be u(-7). Let o(l) = l**2 + 11*l + 13. What is o(t)?
3
Let d(l) = l**3 + 7*l**2 - 21*l - 146. Let y be d(-7). Let s(h) = -3*h**2 - h + 0*h**2 - 3*h**2. Give s(y).
-7
Let x(g) = 6*g**2 + 10*g + 5. Let z(i) = 5*i**2 + 9*i + 4. Let f(h) = 6*x(h) - 7*z(h). Suppose 15 = 5*u + 5*q, 91*u + 15 = 94*u - 3*q. Give f(u).
6
Let i = 5 + 1. Let c(b) = b**2 - 11229*b**3 + 11228*b**3 + 5*b**2 - 7 + b. Calculate c(i).
-1
Let m(l) = l**2 - 7*l - 5. Let f = -14 + 19. Suppose 0*j = -f*j - 2*x + 43, -4*j + 3*x + 16 = 0. Give m(j).
-5
Let o(a) = -2*a**3 + 3*a**2 - 5*a. Let u(s) = -3*s**3 + 6*s**2 - 8*s + 2. Let w(v) = 5*o(v) - 3*u(v). Give w(-4).
14
Suppose 0 = 2*j + 3*j + 5*g - 40, 4*j = 5*g + 23. Let t(